118
In base 13, what is -b - -158a?
157c
In base 2, what is -1001100011 - -11010?
-1001001001
In base 14, what is -7c69 + 1d?
-7c4a
In base 4, what is -201311020 - 1?
-201311021
In base 16, what is 1b - -2?
1d
In base 12, what is 6 + -393?
-389
In base 14, what is 100 + -230?
-130
In base 6, what is 14520015 + -13?
14520002
In base 13, what is -1bca - c?
-1c09
In base 3, what is -2 - -10020010202020?
10020010202011
In base 11, what is 61 + 30874?
30925
In base 16, what is 6e - -389?
3f7
In base 6, what is 1211 - 105?
1102
In base 10, what is -13 + 161480?
161467
In base 11, what is 3047 - -5?
3051
In base 2, what is -1100100101 - 1001100?
-1101110001
In base 13, what is 3717c - -1?
37180
In base 8, what is 17 - 516017?
-516000
In base 14, what is -dc6d - 2?
-dc71
In base 3, what is -10010 - -102111?
22101
In base 10, what is 412 + -74?
338
In base 16, what is -147 + 44?
-103
In base 5, what is -34240 + -32?
-34322
In base 6, what is 1 + -222010?
-222005
In base 10, what is 1041834 + -5?
1041829
In base 14, what is -d - -11988?
11979
In base 9, what is 40 - 8451?
-8411
In base 3, what is 11 - 2112100?
-2112012
In base 16, what is -2ca3d1 + 0?
-2ca3d1
In base 10, what is 20 - 107?
-87
In base 13, what is -c871 - 1?
-c872
In base 7, what is -1236 + 1115?
-121
In base 16, what is 3c82e - -4?
3c832
In base 9, what is -40412 + -4?
-40416
In base 14, what is 0 - -2ba0?
2ba0
In base 10, what is 4 - 388390?
-388386
In base 13, what is -4 + 45a23?
45a1c
In base 7, what is 1 - -1151115?
1151116
In base 3, what is 11000021000 - -11?
11000021011
In base 12, what is 4 - -2634?
2638
In base 15, what is 4 - -750e?
7513
In base 11, what is -93334 - 1?
-93335
In base 5, what is 214344 - -4?
214403
In base 10, what is 1 - -631697?
631698
In base 7, what is -324020 + 2?
-324015
In base 16, what is -480 - -7?
-479
In base 10, what is -3 - -48265?
48262
In base 14, what is 111 + 68?
179
In base 16, what is 2 + be2c?
be2e
In base 15, what is -bc2 + 8?
-bb9
In base 14, what is -5 + -12650?
-12655
In base 16, what is 3 + -311f?
-311c
In base 16, what is -18d8ea - 2?
-18d8ec
In base 5, what is -32242 + -140?
-32432
In base 9, what is -15 - -133178?
133163
In base 7, what is -3 + 3121034?
3121031
In base 12, what is -11071 + -1?
-11072
In base 9, what is 3 + -44018?
-44015
In base 3, what is 102120 + 220?
110110
In base 7, what is 26 - -12216?
12245
In base 15, what is -87c75 - -3?
-87c72
In base 8, what is 2035 + 333?
2370
In base 9, what is -1 - 26357?
-26358
In base 13, what is -3aa - 11c7?
-15a4
In base 13, what is 349 + 114?
460
In base 3, what is -12112001 + -20002?
-12202010
In base 7, what is 104 - 332?
-225
In base 16, what is -1baf + -3b?
-1bea
In base 4, what is 3 + -131110?
-131101
In base 5, what is -314221 + 233?
-313433
In base 8, what is 402 - -236?
640
In base 12, what is 1 + 215769?
21576a
In base 10, what is -5285 + -11?
-5296
In base 9, what is -23 + -1271?
-1304
In base 9, what is 2 - 5557?
-5555
In base 5, what is -133 - -12413?
12230
In base 7, what is -24545 + -2103?
-26651
In base 5, what is 300 - 2240443?
-2240143
In base 12, what is 1a982 + -a?
1a974
In base 10, what is -220802 - -1?
-220801
In base 10, what is 685 + 128?
813
In base 9, what is -168513 + 13?
-168500
In base 16, what is -f81f - 4?
-f823
In base 13, what is 59b - -3ac?
97a
In base 8, what is 2 + -16206?
-16204
In base 15, what is -176e - -1?
-176d
In base 12, what is -1 + 2078?
2077
In base 3, what is -1100100022 - 2?
-1100100101
In base 3, what is 120210 - -202?
121112
In base 10, what is -403 - -2531?
2128
In base 3, what is 12120 + 2101211?
2121101
In base 12, what is 12a7197 - -1?
12a7198
In base 2, what is 100000101100 + -11000?
100000010100
In base 14, what is -52 + 2cc?
27a
In base 6, what is 152111 + -12?
152055
In base 16, what is 3495 + -6?
348f
In base 15, what is -a498 - c?
-a4a5
In base 14, what is 1244a - -19?
12465
In base 5, what is 322231 - -41?
322322
In base 5, what is 2333343 - 40?
2333303
In base 14, what is 6 + -5d205?
-5d1dd
In base 15, what is -2 - -3b98?
3b96
In base 12, what is -159 - 9699?
-9836
In base 6, what is -35 + -30?
-105
In base 13, what is 39a18 + 9?
39a24
In base 12, what is 1 + 1567?
1568
In base 2, what is 11011 - 110010111111001?
-110010111011110
In base 2, what is 101111100100011 - -100?
101111100100111
In base 10, what is 57282 + 3?
57285
In base 9, what is 4 + -260727?
-260723
In base 13, what is 35 + -2068?
-2033
In base 3, what is 1201 + -102002?
-100101
In base 15, what is db99 + -3?
db96
In base 9, what is 5 + 46814?
46820
In base 9, what is 11685 - 25?
11660
In base 8, what is -2 - -13737?
13735
In base 13, what is -7 - -4baa0?
4ba96
In base 14, what is -34 + -1ac?
-202
In base 11, what is a3 + -75?
29
In base 10, what is 3 + 11457?
11460
In base 12, what is -4 + 277b?
2777
In base 3, what is -121011211222 - 11?
-121011212010
In base 10, what is -3364 + 483?
-2881
In base 16, what is -a7b7a + 2?
-a7b78
In base 13, what is 2c236 + 2?
2c238
In base 11, what is -393 + -68?
-450
In base 8, what is 36221 + -2?
36217
In base 7, what is -450 - 201142?
-201622
In base 14, what is -188 - -a1?
-c7
In base 2, what is -100 + 101010101100?
101010101000
In base 10, what is 4 - 3753?
-3749
In base 4, what is 11001321 + 30?
11002011
In base 9, what is -541 - -58?
-472
In base 16, what is -2 + -2465b?
-2465d
In base 11, what is 51a0a5 - 0?
51a0a5
In base 8, what is 6602 + -44?
6536
In base 14, what is 4 + -186da5?
-186da1
In base 5, what is 1200 + -14012?
-12312
In base 14, what is 5dc + 0?
5dc
In base 14, what is 2b88 + 14a?
2cd4
In base 3, what is -11020122201 + 0?
-11020122201
In base 5, what is -102 + 2312044?
2311442
In base 2, what is 10001 + -101111011110010?
-101111011100001
In base 2, what is -10 + 10000100011110?
10000100011100
In base 7, what is 1335 - -42?
1410
In base 14, what is 1951 + -13?
193c
In base 9, what is -1121 - -153?
-857
In base 3, what is 11010 - -22021102?
22102112
In base 3, what is 12 - 11121022200?
-11121022111
In base 12, what is -1bb - -405?
206
In base 13, what is -5 + 437?
432
In base 7, what is -52230 - 6?
-52236
In base 16, what is -bc1e0 - -3?
-bc1dd
In base 13, what is 26b - -264?
502
In base 16, what is 45e0 - -4?
45e4
In base 9, what is 1 - -465461?
465462
In base 2, what is -1000011111010 - 1001001?
-1000101000011
In base 5, what is -401 + 43141?
42240
In base 15, what is -4 - -be99?
be95
In base 8, what is -3 - 213467?
-213472
In base 12, what is 2 - -148aa?
148b0
In base 11, what is -68 - -41766?
416a9
In base 15, what is 8dc - 20e?
6cd
In base 10, what is -9 + 143247?
143238
In base 10, what is -11 - -2585?
2574
In base 15, what is 59 + 6be?
728
In base 7, what is 34 - -125635?
126002
In base 5, what is 2112313 + 4?
2112322
In base 15, what is c - -2cbe5?
2cc02
In base 10, what is 1 + -23938?
-23937
In base 15, what is -a42c + 4c?
-a3d0
In base 10, what is -430 + 196?
-234
In base 4, what is 1110020210 - 10?
1110020200
In base 12, what is 867 - 11b?
748
In base 4, what is 11 - -11013010010?
11013010021
In base 4, what is 31303 - 12?
31231
In base 5, what is 3 + 204242440?
204242443
In base 3, what is 112011000 - 2?
112010221
In base 15, what is 49661 - 4?
4965c
In base 4, what is -111033222 + -30?
-111033312
In base 3, what is -10120120001 + -10?
-10120120011
In base 4, what is 11 - 323202332?
-323202321
In base 4, what is 3203 - 1301130?
-1231321
In base 10, what is 764 + -2?
762
In base 13, what is -2 + 146c?
146a
In base 14, what is -a18 - 1328?
-1d42
In base 12, what is 570 - 28?
544
In base 2, what is 11010110 + 1110000111?
10001011101
In base 14, what is 873 - 3?
870
In base 7, what is 2 - -203612?
203614
In base 10, what is -53978 + 4?
-53974
In base 5, what is -2210024 + -2?
-2210031
In base 14, what is -818 + -8?
-822
In base 16, what is 86364 - 3?
86361
In base 7, what is -121250 + -11?
-121261
In base 16, what is 604d - 5?
6048
In base 14, what is 0 - -109c?
109c
In base 5, what is 1 - 21444423?
-21444422
In base 3, what is 2220 + 211110022?
211120012
In base 6, what is 1553203 - 33?
1553130
In base 6, what is -1414155 - 3?
-1414202
In base 7, what is -414 + 456?
42
In base 4, what is 30232 - -233?
31131
In base 8, what is 2556 - -1123?
3701
In base 3, what is -10022220102000 - -1?
-1002